of w.
2, 3
Let z(l) = 129*l**3 + 42*l**2 - 3*l + 7. What are the prime factors of z(4)?
8923
Suppose -9 = -3*u, 2*v = 4*u - 3*u + 8707. What are the prime factors of v?
5, 13, 67
Let b(z) = -z**2 + 21*z + 57. Let i be b(20). Let k(x) = -2 - 5 + i*x + 4 + 0. What are the prime factors of k(1)?
2, 37
Suppose 0*z + 2*z = 0. Let m(k) = k**2 + 42 + 31*k - 15*k - 17*k - 9 + 43. What are the prime factors of m(z)?
2, 19
Suppose -2*h = 5*c + 14 - 4, -3*c + h = -5. Let u be c/8*-1*2/(-4). Suppose -6 = -2*n, r - 38 = -u*r + 5*n. List the prime factors of r.
53
Suppose -3*l - 5*p = -3*p - 406, 0 = -5*l + 4*p + 706. Let n = l - 5. List the prime factors of n.
7, 19
Suppose 0 = 9*u - 5*u - 92. Suppose -u*y + 22*y = 0. Suppose 20 = 5*d, y*i + 1123 = 5*i + 2*d. List the prime factors of i.
223
Let k(b) = 2*b + 22. Let y be 1*(-2)/(-3)*-12. Let x be k(y). Suppose x*v - v = 140. What are the prime factors of v?
2, 7
Let p(l) = 11*l - 12. Let a = -16 - -7. Let r be (-3)/a*1*9. What are the prime factors of p(r)?
3, 7
Let i = 45 - 50. Let t(r) = r**3 + 8*r**2 - 6*r - 2. List the prime factors of t(i).
103
Suppose -35*y = 5*b - 31*y - 60844, 4*b - 48676 = -3*y. What are the prime factors of b?
2, 17, 179
Let b(u) = -u**2 - 82*u + 340. Let m be b(4). Suppose -5*i - 1200 = -3*o, 0 = -o - 4*o + 2*i + 2000. What are the prime factors of (4/(-8))/(m/o)?
2, 5
What are the prime factors of 18143 - (128/(-8))/(6 - 8)?
3, 5, 13, 31
Suppose 4*y - 28 = 0, 5*y + 284565 = -89*t + 94*t. What are the prime factors of t?
2, 5, 1423
Suppose 2098 = 3*u - 2885. Suppose -3*r + u = 4*h, -4*r + 1694 = 3*h + 443. What are the prime factors of h?
7, 59
Suppose -2*m = 2*q - 5*q - 22, -30 = -2*m + 5*q. Let o be (-369)/(-15) + 2/m. List the prime factors of (6/(-10) - -1) + 2765/o.
3, 37
Let v = 429 + -421. List the prime factors of ((-336)/(-15))/(v/300 + 0).
2, 3, 5, 7
Let h be 1 + (-2 + 0/(-1) - 4). Let z be (-76)/(-20) + (2 - (-9)/h). Suppose -2*n + 52 = -s, z*n + 35 = -5*s + 125. List the prime factors of n.
5
Suppose -2*n - 2 = 0, 0 = 5*d + 5*n + 97 - 2267. Let w = d - 85. List the prime factors of w.
2, 5, 7
Suppose -4*m = 5*m + 1188. Let s = m + 89. Let k = 2 - s. What are the prime factors of k?
3, 5
Suppose -4*h - 22 = -2*o, -2*o - 28 = -6*o + 4*h. What are the prime factors of (1/o)/(4/40)*276?
2, 5, 23
Suppose -18*w + 526354 = 19*w - 1401272. What are the prime factors of w?
2, 3, 19, 457
Suppose -x - 10 = -6*x. Suppose 42 = x*q + 4*q. Suppose -4*j = -v - q, 1 + 2 = j. What are the prime factors of v?
5
Suppose 0 = 2*v + 3*n - 4984 + 1419, 5370 = 3*v - 3*n. Suppose 14*g = v - 9. List the prime factors of g.
127
Suppose 2430 = -34*i + 764. Let l = 150 - 85. Let u = i + l. What are the prime factors of u?
2
Let m = 83 - 79. Let s(v) = 25*v. Let d be s(2). Suppose 5*b - m*w - d = 0, -3*b - 4*w + 20 = -b. What are the prime factors of b?
2, 5
Let q = 1971 + -1322. Suppose 645*d + 3472 = q*d. What are the prime factors of d?
2, 7, 31
Let n = 95 + -221. Let z = n - -159. List the prime factors of z.
3, 11
Let m(h) = -51053*h**3 - 7*h**2 + 11*h + 9. What are the prime factors of m(-1)?
2, 7, 1823
Let j = -725 + 725. Suppose -5*c - 4*w + 4339 = j, -3*c + 3*w + 2602 = 4*w. List the prime factors of c.
3, 17
Let s(a) = 2*a**2 - 4*a - 5. Let u be s(-6). Suppose 217 + u = 4*l. List the prime factors of l.
7, 11
Suppose 0 = m + 2 - 1. Let s be (((-96)/(-15))/4)/((-4)/10). List the prime factors of (105 - (m - s)) + -1.
101
Let k = -1846 + 3421. Suppose 3922 = 16*j - 11*j - 3*f, 2*j + 5*f - k = 0. List the prime factors of j.
5, 157
Let r = 1783 - -1039. List the prime factors of r.
2, 17, 83
Suppose -2*m - r + 4 = -10, -4*m + 2*r + 12 = 0. Suppose -m*t + 2505 = p, -8*t + 13*t - 2485 = 3*p. List the prime factors of t.
2, 5
Suppose -120*h = -126*h + 12. List the prime factors of 2/(5022/2508 - h).
2, 11, 19
Let b be (0 + -25)*2/(-10). Suppose 3*y + 688 = t + 138, -b*y + 2810 = 5*t. Suppose 0 = 5*w - 5, 4*w = -4*g + 5*w + t. List the prime factors of g.
2, 5, 7
Let s be ((-51)/12 - 1)*(5 + -1). What are the prime factors of 1030/6 - (-14)/s?
3, 19
Let y = -15 + 24. Suppose y = -w + 12. Suppose c - 296 = -w*c. List the prime factors of c.
2, 37
What are the prime factors of (21/(-4))/(3708855/529848 - 7)?
2, 7, 11, 223
What are the prime factors of 4 - (-162)/(-42) - (-293619)/(-42)*-2?
2, 6991
Suppose 0 = -5*t + 77 + 43. Suppose 5*d - t = -v, v + 3*d = 2*v + 8. Suppose 0 = 5*m + v*a - 276, 0 = 5*m - 0*a - 2*a - 252. List the prime factors of m.
2, 13
Suppose n = -2*s + 136, -4*n = 4*s - 5*s - 517. List the prime factors of n.
2, 5, 13
Let u be (-2 - -5 - 2)/3*15. Suppose 0*h = -h + 5*p + 316, -3*h + 908 = u*p. Let s = h + -168. What are the prime factors of s?
2, 3, 23
Let u(i) = -8*i**2 - 43*i + 28. Let l be u(-7). Suppose 0 = -4*p - 3*y + 395 + 417, p - 203 = -3*y. Let m = l + p. What are the prime factors of m?
2, 5, 7
Suppose -3*d - 2*v + 21 = 0, -11*d + 6*d = -5*v - 10. Suppose 0 = -d*m - 3*f + 2954, 5*m - 2635 = -4*f + 317. List the prime factors of m.
2, 37
Suppose -3*q = -14*q + 121. Let r(w) = q*w**2 + 5*w - 30 - 9*w**2 - 2*w**2 + w**2. List the prime factors of r(9).
2, 3
Suppose 1265 + 2778 = 4*l - 3*t, -5*t + 35 = 0. List the prime factors of l.
2, 127
Suppose -3*s = -5*i - 22, -22 = -4*s + 4*i - i. Suppose -2*h - 5*a = 3*h - 20, 3*h - 5*a + s = 0. List the prime factors of (-57)/(-6) + h/4.
2, 5
Let c(d) = 809*d**2 + 643*d - 3877. List the prime factors of c(6).
5, 5821
Suppose 7*a - 112 = -35. Suppose -2*z = -a*z. Suppose z = 2*d + 3*d - 405. List the prime factors of d.
3
Let a(i) = 112*i**3 - 2*i**2 + 10*i - 4. List the prime factors of a(4).
2, 11, 163
What are the prime factors of 4822*(-3 + 8 + 5)?
2, 5, 2411
Let f = 38 + -41. Let c be (-1)/(-6)*f*338 + 1. Let m = c + 458. List the prime factors of m.
2, 5, 29
Suppose -14 = 10*r - 8*r. Let u be (((-35)/2)/r)/((-2)/(-40)). Suppose 4*k = u + 130. List the prime factors of k.
3, 5
Suppose 23975 = 5*k + 5*b, -93*b + 23954 = 5*k - 91*b. What are the prime factors of k?
2, 3, 7, 19
Let b = -5 + 7. Suppose 2*r - b = -10. List the prime factors of 16*-13*4/r.
2, 13
Let h(i) = -740*i - 10. Let f be h(1). Let s = f - -1261. Suppose 4*q - q - 3*k - 519 = 0, -s = -3*q - 5*k. What are the prime factors of q?
2, 43
Let l = -282 - 45. Let d = l + 598. What are the prime factors of d?
271
Let g be 0 + (-5 - -11) + 4. Let h = g - 1. Let k(o) = o**3 - 8*o**2 - 5*o + 7. What are the prime factors of k(h)?
43
Let b(h) be the second derivative of -h**3/6 + 3*h**2/2 + 60*h. Suppose -4*k = k. What are the prime factors of b(k)?
3
Let l(r) = r**2 + 25*r - 17. Let t be l(-27). Suppose 2*z = -t - 23. List the prime factors of 5/z - 1325/(-30).
2, 11
Suppose 6*b - 19696 + 5212 = 0. Suppose -4*d + 3549 = -3*o + 353, 2*o - b = -3*d. What are the prime factors of d?
2, 401
Suppose -59068 = 22*g - 165856. What are the prime factors of g?
2, 3, 809
Suppose 2*r = 2*z + 4, 8 = -z + 4*r - 6. Suppose 0*f = z*f - 614. List the prime factors of f.
307
Let f(z) = 23*z - 4. Let j be f(2). Let b be j/8 - 2/8. Suppose 2*k = t + 5*k - 15, b*k + 30 = 2*t. List the prime factors of t.
3, 5
List the prime factors of (0 - 4792)*(5 - 1)/(-8).
2, 599
What are the prime factors of 14118/(-65)*(-2555)/14?
3, 73, 181
Suppose -6*q = -11*q + 910. Suppose 26 = -l + 3*h - 35, 2*l + 154 = -2*h. Let c = q - l. List the prime factors of c.
3, 5, 17
Let x(o) = -o**3 - 6*o**2 + o + 10. Let z be x(-6). Suppose i + i = i. Suppose i = -z*a + 3*a + 4. List the prime factors of a.
2
What are the prime factors of 14*((-66)/(-12))/11 + 3467?
2, 3, 193
Suppose -o - 29*o + 90 = 0. Suppose -2*u - 797 = -2*d - 3*u, 3*d - o*u - 1191 = 0. List the prime factors of d.
2, 199
Suppose 5*q = 356*v - 354*v + 24584, 2*q = 4*v + 9840. List the prime factors of q.
2, 1229
Let p(c) = -c**2 - 55*c + 116. Let r be p(-27). Let u = -511 + r. What are the prime factors of u?
19
Suppose -21*x = -16*x - 2*y - 14, 5*y + 8 = -x. Suppose q + q - z - 582 = 0, 570 = x*q + 2*z. List the prime factors of q.
17
Let t = -64 - 21. Let d = t + 69. List the prime factors of 2/13 + d/((-1040)/5775).
89
Let o(b) = -168*b + 2372. What are the prime factors of o(-49)?
2, 11, 241
Suppose 37*i - 32*i - 30658 = -2*s, 3*s + 12